 182 + 133 = -2*a - 3*i. Let r = 64 - a. Let j = r - 131. Is j a prime number?
True
Let l(r) = -24*r - 1. Let i(p) = -4*p + 4. Let o be i(3). Is l(o) a composite number?
False
Suppose -4*d + 38 + 18 = 0. Is d a composite number?
True
Let y = -458 - -688. Suppose 0 = -z - 4*h - h + 46, -5*z - h + y = 0. Is z composite?
True
Let a be 3 - 7 - -924 - 3. Suppose 0 = -5*n + 398 + a. Is n prime?
True
Let h be (-1)/((-3)/3)*5. Suppose h*n + 5 = 2*z + 127, 0 = -n + 3*z + 14. Let d = -13 + n. Is d prime?
True
Let o = -81 - -332. Is o a prime number?
True
Suppose 0 = -5*s + 2*s + 18. Let z(q) = -q**3 + 7*q**2 - 5*q + 2. Let w be z(s). Is (-146)/(-10) + w/20 a composite number?
True
Suppose 5*h - 2*h - 339 = 0. Suppose 0 = -3*y + h + 52. Is y prime?
False
Let d = -542 + 1125. Is d a composite number?
True
Suppose -2 = -3*n - q, 0 = -2*n + n - 2*q - 6. Let b(i) = -9*i - 7 + 2*i**2 - i**n - 2*i**2. Is b(-6) a composite number?
False
Is 934/((12/9)/2) a prime number?
False
Suppose -3*l = -0*l - 4*k - 3, -16 = -5*l + 3*k. Let i be (l - 0 - -2)*7. Suppose -169 = -5*x + f + 3*f, x = -3*f + i. Is x prime?
True
Suppose -22 = -2*q + 2*x, 4*x = -5*q + 19 + 81. Suppose 2*w + q = 6*w. Suppose w*b = -194 + 790. Is b a prime number?
True
Suppose 23*g = 20705 + 139076. Is g composite?
False
Let h be (888/(-3))/(-2) - -2. Let l be (2/5)/((-6)/h). Is -1 + l/(-3)*6 composite?
False
Let i = 110 - -221. Is i prime?
True
Let n(m) = -m**3 + 11*m**2 - 11*m + 12. Let v be (-4)/(-3)*105/14. Let y be n(v). Suppose -201 = 5*q + 2*o - 648, -y*o = 2*q - 180. Is q composite?
False
Let r = -36 + 22. Is (-5)/(-20) + r/(-8) composite?
False
Let x = 213 + -102. Is x composite?
True
Let o = 187 + 2658. Is o a composite number?
True
Let i(r) = 13*r**2 + r - 6. Let y(h) = 6*h**2 - 3. Let b(x) = -2*i(x) + 5*y(x). Is b(5) a composite number?
True
Let u be (-42)/(-35)*20*29. Let c = 139 + u. Is c prime?
False
Suppose b + 3*b = 164. Suppose -b - 415 = -3*x. Suppose -2*a + x = 3*i, -3*i = -0*i + 6. Is a composite?
False
Suppose 0 = -b - 9 + 54. Suppose -z - s + 67 = 0, -83 = -2*z + s + b. Is z prime?
False
Let q(w) = -10*w + 3. Let m be (0 - (-52)/(-4)) + -1. Is q(m) composite?
True
Let v = -188 - -819. Is v a composite number?
False
Suppose 4*u + 0*u + h + 5 = 0, 6 = 2*h. Is 1*(33 + (0 - u)) composite?
True
Suppose 5*x - 255 = -3*f + 2*f, 3*f - 165 = -3*x. Suppose 4*p - 22 = 38. Let l = x - p. Is l a prime number?
False
Suppose 3*j = 3, -5*z + 3*j + 6 = -1. Suppose -3*m = -z*m - 259. Is m composite?
True
Suppose -4*c = -0*c + 16. Let t(u) = 20*u**2 - u - 5. Is t(c) a prime number?
False
Let s be 0 + (2 - 4/(-2)). Suppose s*u = n - 3*n + 694, -5*n + 4*u = -1665. Is n a composite number?
False
Let q be (-9)/3 - 1355/(-5). Suppose 0 = -5*i + i + q. Is i a prime number?
True
Let t = -3998 + 6201. Is t a prime number?
True
Let o(c) = 2*c**3 - 5*c**2 + 3*c + 2. Let d be o(3). Let m be d/(-3)*(-24)/10. Is m/(-20)*(-5)/2 composite?
False
Suppose 4*m - 65 + 221 = 0. Let x = 69 + -5. Let i = x + m. Is i composite?
True
Let c(k) = -3 + k**3 + k - k**2 + 2*k**2 + k. Let a be c(2). Suppose -a - 1 = -w. Is w a composite number?
True
Let k = -418 + 2571. Is k composite?
False
Suppose 16 + 32 = 4*c. Let l = c + -3. Suppose 4*a = -4*s + 56, -3*s = l + 6. Is a a composite number?
False
Suppose 0 = -0*t + 2*t - 3386. Is t composite?
False
Suppose 0 = -4*p + i + 1788, 3*i - 8 = i. Suppose 5*v + p = 1713. Is v prime?
False
Suppose 5*b = b + 316. Is b a composite number?
False
Let r(w) = w + 10. Let c be r(-7). Suppose -c*z = z - 1364. Is z composite?
True
Let r be (-161)/42 - 2/12. Let b(o) be the third derivative of -11*o**4/24 + o**3/2 + o**2. Is b(r) a prime number?
True
Let r be 2 + -4 + (0 - 431). Let t = r - -638. Is t prime?
False
Let t = 273 - -72. Let s = -200 + t. Is s prime?
False
Let m(c) = 2*c**2 + 4*c - 17. Is m(-7) composite?
False
Suppose 4*a + 219 + 289 = 0. Let x = -68 - a. Is x a prime number?
True
Let u be (58/6)/((-5)/(-315)). Suppose 6*s = 9*s - u. Is s composite?
True
Suppose 2*m + 8 = 4*n, 5*m = -2*n - n + 19. Let r = m + 0. Is (1/r)/(4/616) prime?
False
Suppose m + 5*i + 23 = 0, 3*m + m = 4*i + 28. Let p(q) = 3*q - q**3 + 2*q**3 + 1 + 0*q**3 - 14*q**m + 2*q**2. Is p(12) a prime number?
True
Let b be 22/4 - (-9)/(-6). Suppose b*i + 118 = 522. Suppose -4*p = -3*y + 121, 3*y + 5*p - i = 65. Is y a prime number?
True
Let q = -20 + 46. Is q composite?
True
Suppose 3*z = 2*o - 122, 4 + 4 = -4*z. Suppose -u - 21 = -o. Is u/3 + 6/9 composite?
False
Suppose 4*a - 864 - 720 = x, -4*a + 3*x + 1592 = 0. Is a a prime number?
False
Let h(z) = -27 - 3 - 29 + 3*z. Let b(a) = 7*a - 119. Let t(y) = 4*b(y) - 9*h(y). Is t(0) composite?
True
Is (-37)/(-2)*286/13 composite?
True
Suppose 2*d = 2*p - 362, -d = 3*p - 0*p - 531. Is p composite?
True
Let a(b) = 4987*b**3 + 2*b**2 - 2. Is a(1) a prime number?
True
Let k(x) = x**3 - 2*x**2 + 7*x - 1. Let d(l) = -l + 1. Let s(u) = -3*d(u) - k(u). Suppose 0 = 4*j + 3 + 9. Is s(j) prime?
False
Let y(u) = -u**2 - 7*u + 2. Let o be y(-4). Let b = o + 173. Is b composite?
True
Let i = 28 - -3. Is i prime?
True
Let c(i) = -30*i + 9. Is c(-4) a prime number?
False
Let c be (-3 - -2)/(1/(-183)). Let y = c + 58. Suppose 442 = 4*s + 2*l, 2*s = 2*l + l + y. Is s a prime number?
True
Suppose 0 = 5*d + 10, 0 = -5*y - 2*d - 0*d + 1346. Suppose -5*z - m + y = 0, 3*m - 213 + 8 = -4*z. Let k = z - -30. Is k a prime number?
False
Let s(u) = u + 11. Is s(-9) composite?
False
Let b = -24 - -100. Let d be b/(-8) - 2/(-4). Is ((-44)/6)/(3/d) prime?
False
Let w(j) = 497*j**3 + 3*j**2 + 14*j + 8. Let n(u) = 166*u**3 + u**2 + 5*u + 3. Let s(p) = -11*n(p) + 4*w(p). Is s(1) prime?
True
Is -1 + 414 - (4 + -4) prime?
False
Let q(d) = -d**3 + 6*d**2 - 5*d + 3. Suppose -j + 6*j - 20 = 0. Is q(j) composite?
True
Let o(w) = w**3 + 2*w**2 + 7*w + 6. Let t be o(-5). Let v = 191 + t. Suppose 2*d = 353 - v. Is d a composite number?
True
Let k(x) = -x**3 - 2*x**2 - 2. Let z be k(-2). Is z/(-12) + (-317)/(-6) a prime number?
True
Suppose -2*f = -4*h + f + 502, 0 = 4*h - f - 506. Is h a prime number?
True
Suppose -4*k - 3*s = 868, -5*s = -0*s + 20. Let j = k + 148. Is (-2)/(j/62 + 1) a prime number?
True
Let r = -8 + 276. Suppose 5*l + 102 = 2*o + l, -3*l + r = 5*o. Is o composite?
False
Suppose -4 = -3*q + 2*q. Suppose t - 4*t = 6, d - 5*t - 83 = 0. Suppose q*p - 3*m + 0*m - d = 0, -5 = -5*m. Is p composite?
False
Suppose -7*k = -4*k - 33. Suppose 2*n = 2*g + 4, g + k = -3*g + n. Is (-3)/(-2)*(-166)/g a prime number?
True
Let d be 1 - 2 - (-3 + -1). Let x(p) = 17*p + 4. Is x(d) a prime number?
False
Suppose 2*f + 633 = 5*f - 3*p, -p = -4*f + 838. Let v = 322 - f. Is v a prime number?
True
Let h(t) = 16*t + 35. Is h(26) prime?
False
Let a = 13 + -9. Suppose -80 = 5*w + 3*q - 1011, -a*w = 4*q - 748. Is w prime?
False
Suppose 0*s + 5*x - 107 = s, 5*s + 5*x + 595 = 0. Suppose 750 = -36*r + 39*r. Let y = s + r. Is y a prime number?
False
Suppose 0*l + 4*l - 333 = 3*t, 2*t - 5*l + 222 = 0. Let j = -56 - t. Is j a composite number?
True
Let y(f) = -2 + f - 4 + 3*f. Let x = -3 + 7. Is y(x) a prime number?
False
Let l be 18/14 + (-2)/7. Let y be (1 + l)/((-12)/(-18)). Suppose -596 = -a - y*a. Is a a composite number?
False
Let u = 18 - 13. Suppose 5*i + u + 5 = h, -4*h + 55 = -5*i. Is h composite?
True
Let u(l) = l**2 - 7*l + 1. Suppose -7*h = -2*h - 40. Is u(h) prime?
False
Let d be (6 - 4)/(1/42). Suppose 0 = -2*c + 4*c - d. Suppose c = -2*s + 4*s. Is s composite?
True
Let d = -1 + 5. Let r = 4 + -5. Let x = r + d. Is x composite?
False
Let k = 3458 - 2095. Is k a composite number?
True
Let n be 150/((-1)/1) + -3. Let o = 239 + n. Suppose -o = -2*v + 38. Is v composite?
True
Suppose 5*h + 2*b - 14 = 0, 4*b = 3*h - 0 + 2. Let z(y) = 6 - h*y - 3 + 0*y + y. Is z(-4) prime?
True
Suppose 4*c + c = 2*w + 11, 1 = 2*w - c. Suppose -z = w*z - 1209. Is z a composite number?
True
Suppose 21*t - 19*t - 3802 = 0. Is t composite?
False
Let n(f) = 90*f**2 - f. Let g = 2 - 3. Let s = 0 + g. Is n(s) composite?
True
Let o = 18 - -59. Suppose r + 0*d + 4 = d, 0 = 2*r + 2*d - 8. Suppose a = -r*a + o. Is a a prime number?
False
Suppose -2*h = -0*h - 98. Suppose -2*d - h = -3*d. Is d a prime number?
False
Is 2/(((-20)/586)/(-5)) a c